et m be -1 - (-1 + v) - -2. Let j be (-1 - m - -3)/1. Let c(t) = t**2 + 3*t - 3. Give c(j).
7
Let r be (-6)/(-2 + 0) + 2. Suppose -5*u + 4*n = 35, r*u + 3*n - 6*n = -35. Let q(s) = 3 + 2*s + 4 + 2 - 11. Give q(u).
-16
Let r(y) = -8*y - 49. Suppose 0*c = 3*p + 5*c + 5, -3*p - 2*c + 7 = 0. Let g(i) = 12*i + 74. Let d(k) = p*g(k) + 8*r(k). Calculate d(-7).
6
Let u = -54 - -57. Suppose 9 = -4*a + 7*a. Let z(p) = -3*p**u + 3*p**3 + 25*p + 1 + p**a + p**2 - 24*p. Calculate z(-2).
-5
Let h(y) be the first derivative of y**3/3 + 9*y**2 + 19*y - 7856. Give h(-9).
-62
Suppose 8 = 2*j - 4*m, 3*m + 0*m = 5*j + 15. Let x(k) = 6*k + 8. Calculate x(j).
-28
Let a(u) be the first derivative of 2*u**3/3 + u**2/2 - 12192. Let n(c) = -2*c**3 + 1. Let p be n(1). Determine a(p).
1
Suppose -655 = -74*f - 211. Let h(d) = -4*d + 3. Let i(a) = 2*a - 1. Let q(u) = -6*h(u) - 11*i(u). Calculate q(f).
5
Let u(t) = -t**3 - 2*t**2 + 2*t + 6. Suppose -4*l - 16 = -8*q + 12*q, 4*l - q = 4. What is u(l)?
6
Suppose 35*u - 114 = 16*u. Let j(x) = -x. Let n(c) = c - 2. Let l(t) = -4*j(t) - n(t). Calculate l(u).
20
Let d(a) = -4 - 3 + 26*a - 25*a. Let l = -89 + 97. Suppose 22 = -6*t - l. Calculate d(t).
-12
Let b(t) = -4965 + 2481 - 6*t + 2476 + 10*t. Give b(0).
-8
Let o(k) = k**3 - 2*k**2 - 2*k + 2. Let a(h) = -2*h**2 + 30*h - 66. Let v be a(12). Let z be v + (4/(-8))/((-1)/(-8)). Give o(z).
-2
Let p be (16 + -13)*-1*1. Let n(t) = t**2 + t - 3. Let m be n(p). Let l(s) = s**2 - 6*s + 20 - 18 - 2*s - m*s. Determine l(8).
-22
Let x(i) = -i**2 - 38*i + 5. Let w be 2 + (-60)/21 + (-15340)/413. Calculate x(w).
5
Let q be (4/5)/((-6)/(-45)). Let c(g) = g**3 - 17*g**2 + 38*g + 28. Let w be c(15). Let y(d) = 147*d**3 - 4*d + 4*d**2 - 3 - w*d**3 + 2*d**2. Give y(q).
-27
Let f(j) be the third derivative of -j**7/840 + 11*j**6/360 + j**5/10 + j**4/8 + 24*j**3 + 169*j**2. Let u(k) be the first derivative of f(k). Give u(12).
3
Let u(h) = -9*h**2 + 89*h - 62. Let a be u(9). Let z(d) = -45*d + 441. Give z(a).
-9
Let s(h) = -17*h + 1. Let m(r) = -11*r - 16. Let y(k) = 7*k + 10. Let q(z) = 5*m(z) + 8*y(z). Let a(f) = 6*q(f) + s(f). Give a(1).
-10
Suppose 22 - 2 = -5*v, 2*z - 4 = -4*v. Suppose 2*n + z = 4*n. Suppose -i + 0 = -n. Let d(x) = -3*x + 7. Calculate d(i).
-8
Let q(c) be the first derivative of c**3/3 - c**2/2 - 10*c - 32603. Let i(v) = v**3 + 1. Let t be i(-1). What is q(t)?
-10
Suppose -348*h + 11 = -352*h + 5*r, -5*h - 4*r = -58. Let q(w) = -w**2 - 13*w + 109. Give q(h).
-5
Let f(k) = k**3 + 10*k**2 + 7*k - 7. Let l(x) = 3*x**3 - 322*x**2 + 110*x - 330. Let q be l(107). Give f(q).
11
Let g(z) be the second derivative of z**4/4 - z**3 - 7*z**2/2 - 11675*z. Determine g(8).
137
Let z = 5 - 9. Let q(c) be the first derivative of -c**4/4 - c**3 + 5*c**2/2 + 8*c - 74057. What is q(z)?
4
Let u(j) = j**2 - 4*j - 3. Suppose 2*v + 18 = 3*x + 12, -3*v + 29 = 5*x. Suppose -3 = 3*c - x*n, 2*c + 4*n = -2*c + 24. Give u(c).
-6
Let b(z) = 2*z. Let w be b(-2). Let t = 66 + -51. Let p(o) = 10*o - 3 - 7 + t + o**2. Calculate p(w).
-19
Let k(h) = 27*h - 140. Let p = 4316 + -4311. Determine k(p).
-5
Let b(g) = 34*g**2 - 26*g - 18. Let x(m) = 31*m**2 - 25*m - 18. Let c(t) = 10*b(t) - 11*x(t). Calculate c(13).
44
Suppose -5*v + 9*v + 64 = 4*y, 4*v - 2*y = -66. Let j(w) = -15*w - 1. Let f be j(1). Let q = v - f. Let g(x) = x**2 - 1. Determine g(q).
0
Let m(d) = d**3 - 9*d**2 - 38*d - 20. Let w be m(16). Let a = w - 1161. Let y(q) be the third derivative of -q**6/120 + q**4/8 - q**2. Give y(a).
-18
Let y(f) = -8*f**2 + 28*f + 8. Suppose -114*q = -5*q + 68 - 504. Determine y(q).
-8
Let c(k) = -k**3 + 8*k**2 + k - 3. Let s be c(8). Suppose 2*z = j - s, -2*z + 25 = 3*j + 2*j. Suppose j*w + 36 = -w. Let h(x) = -2*x - 4. Determine h(w).
8
Let j(d) = -2*d - 4. Let m(c) = 2*c - 10. Let o be m(6). Suppose 0*t + 2*n + 8 = -3*t, 8 = -o*n. Suppose t = -2*a - 2 - 8. Give j(a).
6
Let g = 15811 - 15832. Let n(k) = k**3 + 22*k**2 + 26*k + 19. Determine n(g).
-86
Let z(w) = 2*w**3 + 3*w**2 + w + 1. Let m(o) = 101*o - 37. Let x be m(8). Let v = x + -773. Give z(v).
-5
Let d(k) be the first derivative of 49*k**2/2 - k - 349. Give d(-1).
-50
Let w(d) = 7*d - 122. Suppose 94*y = 105*y - 187. Determine w(y).
-3
Let m(c) be the third derivative of -c**5/60 + c**4/12 + 2*c**3/3 + 8894*c**2. Let b be -5*(-3)/30*-4. Let k = b - -6. What is m(k)?
-4
Suppose 67*i - 153 = 50*i. Let z(g) = g**3 - 10*g**2 + 8*g + 11. Calculate z(i).
2
Let d = 164490 - 164488. Let k(o) = -o**2 + 7*o + 5. Let n(g) = g**2 - 6*g - 4. Let c(z) = 3*k(z) + 4*n(z). What is c(d)?
-3
Let g(h) be the first derivative of -16*h + 3/2*h**2 - 10. Determine g(7).
5
Let n(i) = 15*i**3 - 21*i**2 - 104*i - 9. Let h(y) = 7*y**3 - 10*y**2 - 48*y - 5. Let d(o) = -13*h(o) + 6*n(o). Determine d(5).
-14
Let n(p) = 2*p**3 + 7*p - 29. Let b(d) = 3*d**3 + 11*d - 44. Let r(g) = -5*b(g) + 8*n(g). Let f = 350 + -350. Determine r(f).
-12
Suppose -2*g + 3*t + 2 = 0, -20*g + 5*t = -23*g + 3. Let c(x) = -27*x**2 + x. What is c(g)?
-26
Let h(l) = l + 2. Let g(o) = o**2 + 14*o + 18. Let u(j) = g(j) - 5*h(j). Let c = -4 + 45. Let d be (-1)/(-5) - c/5. What is u(d)?
0
Let j be 11/(77/784)*82/4. Let s(f) = -f - f**2 + 2294 + 0*f**2 - j. Determine s(-4).
-14
Let b(p) = -2*p**2 + 2*p + 2. Let c be (-10)/(-15) + 8/6. Suppose -18 = -8*x - c. Let i be b(x). Let d(o) = 5*o**2 + 1. Calculate d(i).
21
Suppose -25*f = -34109 - 10866. Let n(i) = -i**3 + f*i**2 - 3585*i**2 - 5*i + 1793*i**2 - 2. Determine n(4).
26
Suppose -4*i - 13 = 19. Let t(j) = 5 - 65*j**2 + 31*j**2 - 10*j + 33*j**2. Calculate t(i).
21
Let g(n) = n**3 + 8*n**2 + 6*n + 2. Suppose 5*b = 4*x + 681 + 27, -x = 5*b - 698. Let z be b/30*(-3)/2. Determine g(z).
9
Let s be (14 - 132/11) + 9. Let k(z) = z - 7. Calculate k(s).
4
Let i(t) = -t**2 + 13*t - 29. Suppose 4*g = 213 - 185. Calculate i(g).
13
Let a(s) = -54*s**2 - 208*s - 197. Let j be a(-2). Suppose -2*b + 2*t = -14, -3*b - 3*t + 2*t + 1 = 0. Let d(v) = -2*v + 4*v**2 - b*v**2 + 2 - 4. What is d(j)?
10
Let p be ((-20)/(-7))/((-12)/(-126)). Let n(s) = 6*s + 14*s**2 + 15*s**2 + 7 - p*s**2. What is n(8)?
-9
Let p(z) = z**3 + 11*z**2 + 7. Suppose -15 + 45 = 6*u. Suppose 0*j + 5*j + u*w = 0, 3*j - 4*w - 21 = 0. Suppose j*h + 22 = -11. What is p(h)?
7
Let o(d) = 18*d - 70. Let u(k) = 10*k - 186. Let j be u(19). Give o(j).
2
Let f = 492 - 491. Let u(r) be the second derivative of -r**4/2 - r**3/6 + r**2 - 41*r + 2. Determine u(f).
-5
Let t(s) = 2*s - 1. Let b be (-62)/(-14) + (-18)/42. Let f(w) = -327 + b*w + 338 - 3*w. Let l be f(-7). Give t(l).
7
Let q(a) = -16*a + 57. Let l(m) = -16*m + 73. Let n(p) = -2*l(p) + 3*q(p). Calculate n(2).
-7
Suppose -5*g + 2*a = -a - 66, 2*g = a + 27. Suppose 6*l = 7*l - 4*l. Let h be ((-18)/g)/((-4)/10) + l. Let v(u) = u - 1. Determine v(h).
2
Let x(m) = 3*m + 5. Let t be x(-1). Let p(a) = 22 - 59 - t*a + 21 + 21. Give p(4).
-3
Let q(f) be the third derivative of -f**6/120 - 11*f**5/60 - 19*f**4/24 + 2*f**3/3 + 2100*f**2. Calculate q(-9).
13
Let t(s) = -s**2 + 8*s + 17. Let j(l) = 3*l + 6. Let w(m) = -11*j(m) + 4*t(m). Suppose 3*b = a + 14, -4*a = 3*b - 10 + 6. Calculate w(a).
-12
Suppose 3 + 0 = k - 3*w, 5*w - 3 = -k. Let h(g) = -7*g**3 - 3*g**3 + 5*g + 5*g**3 - 6*g**2 + 5 + 6*g**k. What is h(5)?
5
Let o(m) = -m**3 - 6*m**2 + 16*m + 14. Let r be o(-8). Suppose 0 = -9*y + 63 + 108. Let q = r - y. Let p(z) = z**3 + 6*z**2 + 5*z + 2. What is p(q)?
2
Let l(r) = -2*r + 0*r + 3*r - 1 - 1. Suppose -k = 2*k - 21. Let f = 14 - k. Determine l(f).
5
Let f(r) = -2*r + r + r - 1 + r**2 + 4*r. Let p be (3/(-1))/((-9)/42). Suppose -p = 4*w + k, -19 = -0*w + 5*w + 2*k. Calculate f(w).
-4
Suppose 24*a = 19*a + 55. Suppose -12 = -2*n - 2*i, 5*n = -3*i + 11 + a. Let l(z) = -3*z**3 + 6*z**2 + 2*z**2 + 6*z + 4*z**3 - 2*z**n - 5. Calculate l(-5).
-10
Suppose 4*l - 5 = 3. Let o(t) = -9*t**3 - 19*t**2 - 34*t + 1. Let y(q) = 11*q**3 + 22*q**2 + 40*q - 1. Let d(c) = 7*o(c) + 6*y(c). Calculate d(l).
25
Let t(w) = 64*w - 776. Let x be t(12). Let i(n) = n**2 + 10*n + 23. Determine i(x).
7
Let j(r) = r**3 + 3*r**2 - 74*r - 127. Let f be j(8). Let i(k) = k**2 + 9*k - 11. Determine i(f).
79
Let m(d) = -1776*d**3 - 3*d**2 - 9*d - 1777*d**3 + 3554*d**3. What is m(5)?
5
Let h(g) = g**2 + g - 